{"id":130,"date":"2025-07-16T20:47:20","date_gmt":"2025-07-16T20:47:20","guid":{"rendered":"https:\/\/www.skocznamiasto.pl\/?page_id=130"},"modified":"2025-07-18T07:52:51","modified_gmt":"2025-07-18T07:52:51","slug":"energa-ladiesjazz-festival-2025","status":"publish","type":"page","link":"https:\/\/www.skocznamiasto.pl\/index.php\/energa-ladiesjazz-festival-2025\/","title":{"rendered":""},"content":{"rendered":"\n<div class=\"wp-block-cover alignfull has-parallax\" style=\"min-height:1320px;aspect-ratio:unset;\"><div class=\"wp-block-cover__image-background wp-image-176 size-full has-parallax\" style=\"background-position:50% 50%;background-image:url(https:\/\/www.skocznamiasto.pl\/wp-content\/uploads\/2025\/07\/GAL-14-of-15.jpg)\"><\/div><span aria-hidden=\"true\" class=\"wp-block-cover__background has-background-dim-30 has-background-dim\" style=\"background-color:#522b2a\"><\/span><div class=\"wp-block-cover__inner-container is-layout-flow wp-block-cover-is-layout-flow\">\n<p><\/p>\n<\/div><\/div>\n\n\n\n<p><\/p>\n\n\n\n<p><\/p>\n\n\n\n<p class=\"has-text-align-center\">&nbsp;<strong>ZAPROSZENIE \ud83c\udfb7<\/strong><br><strong>Energa Ladies\u2019 Jazz Festival 2025<br>Gdynia &amp; Wejherowo | 20\u201327 lipca 2025<\/strong><\/p>\n\n\n\n<p class=\"has-text-align-center\">Szanowni Pa\u0144stwo,<\/p>\n\n\n\n<p class=\"has-text-align-center\">jako entuzja\u015bci oraz patroni medialni mamy zaszczyt i wielk\u0105 przyjemno\u015b\u0107 zaprosi\u0107 na Energa Ladies\u2019 Jazz Festival 2025 \u2013 dwudziest\u0105 pierwsz\u0105 edycj\u0119 jedynego w Europie festiwalu po\u015bwi\u0119conego kobietom jazzu. W programie wyj\u0105tkowe koncerty, kameralne wieczory i spotkania, kt\u00f3re pozwol\u0105 Pa\u0144stwu pozna\u0107 jazz z perspektywy niez\u0142omnego kobiecego g\u0142osu.<\/p>\n\n\n\n<p class=\"has-text-align-center\">\u2728 Wyst\u0105pi\u0105 m.in.:<\/p>\n\n\n\n<p class=\"has-text-align-center has-medium-font-size\"><strong>Urszula Dudziak \u2013 z premier\u0105 nowego albumu, wyst\u0119p 20 lipca w Teatrze Muzycznym im. Danuty Baduszkowej w Gdyni&nbsp;<\/strong><\/p>\n\n\n\n<p class=\"has-text-align-center has-medium-font-size\"><strong>Katie Melua \u2013 jedyny koncert tego lata w Polsce, 25 lipca w Polsat Plus Arena Gdynia<\/strong><\/p>\n\n\n\n<p class=\"has-text-align-center has-medium-font-size\"><strong>Patricia Barber \u2013 jedyny koncert w Polsce, 26 lipca o 17:00 w Teatrze Muzycznym, zmys\u0142owe po\u0142\u0105czenie poezji, jazzu i sztuki&nbsp;<\/strong><\/p>\n\n\n\n<p class=\"has-text-align-center has-medium-font-size\"><strong>Ewa Bem \u2013 Pierwsza Dama Polskiego Jazzu z nowym programem \u201eMoje Piosenki\u201d, 26 lipca o 20:00 w Teatrze Muzycznym<\/strong><\/p>\n\n\n\n<p class=\"has-text-align-center has-medium-font-size\"><strong>Dee\u202fDee Bridgewater \u2013 legenda \u015bwiatowego jazzu w polskiej premierze programu \u201eWE EXIST\u201d, 27 lipca o 17:00 w Teatrze Muzycznym<\/strong><\/p>\n\n\n\n<p class=\"has-text-align-center has-medium-font-size\"><strong>AYO \u2013 charyzmatyczna NigeryjskoNiemiecka artystka, 27 lipca o 20:00 w Teatrze Muzycznym<\/strong><\/p>\n\n\n\n<p><\/p>\n\n\n\n<p class=\"has-text-align-center\">oraz:<\/p>\n\n\n\n<p class=\"has-text-align-center has-medium-font-size\"><strong>Karen\u202fSouza \u2013 latin jazz &amp; bossa nova, pierwszy raz w Polsce, 21 lipca o 20:00 w Filharmonii Kaszubskiej \u2013 Wejherowskim Centrum Kultury&nbsp;<\/strong><\/p>\n\n\n\n<p class=\"has-text-align-center has-medium-font-size\"><strong>Vivian Buczek \u2013 debiut na festiwalu, 22 lipca o 20:00 w Konsulacie Kultury w Gdyni<\/strong><\/p>\n\n\n\n<p class=\"has-text-align-center has-medium-font-size\"><strong>Gaba\u202fKulka \u2013 kameralny koncert 23 lipca w Konsulacie Kulturyw Gdyni.<\/strong><\/p>\n\n\n\n<p class=\"has-medium-font-size\"><\/p>\n\n\n\n<p><\/p>\n\n\n\n<p class=\"has-text-align-center\">\ud83c\udfb5 Program obejmuje:<\/p>\n\n\n\n<p class=\"has-text-align-center\">Debiuty p\u0142ytowe i priemiery<\/p>\n\n\n\n<p class=\"has-text-align-center\">Koncerty w Teatrze Muzycznym im. Danuty Baduszkowej, Polsat Plus Arenie i Konsultacie Kultury w Gdyni oraz w Filharmonii Kaszubskiej w Wejherowie<\/p>\n\n\n\n<p class=\"has-text-align-center\">Konkurs Grand Prix dla m\u0142odych artystek (22-25 lipca). <\/p>\n\n\n\n<p class=\"has-text-align-center\">Energa Ladies\u2019 Jazz Festival to nie tylko muzyka \u2013 to wsp\u00f3lnota, powiew \u015bwie\u017cej energii i do\u015bwiadczenie wielowymiarowego, autentycznego i pe\u0142nego pasji \u015bwiata kobiecych interpretacji jazzowych.<\/p>\n\n\n\n<p class=\"has-text-align-center\"><br>\ud83d\udcc5 Zaznaczcie w kalendarzach: 20\u201327 lipca 2025, Gdynia i Wejherowo.<\/p>\n\n\n\n<p class=\"has-text-align-center\">Serdecznie zapraszamy \u2013 do zobaczenia na Festiwalu!<\/p>\n\n\n\n<p class=\"has-text-align-center\">Z najlepszymi pozdrowieniami,<br>Zesp\u00f3\u0142 skocznamiasto.pl&nbsp;<\/p>\n\n\n\n<p><\/p>\n","protected":false},"excerpt":{"rendered":"<p>&nbsp;ZAPROSZENIE \ud83c\udfb7Energa Ladies\u2019 Jazz Festival 2025Gdynia &amp; Wejherowo | 20\u201327 lipca 2025 Szanowni Pa\u0144stwo, jako entuzja\u015bci oraz patroni medialni mamy zaszczyt i wielk\u0105 przyjemno\u015b\u0107 zaprosi\u0107&hellip; <\/p>\n","protected":false},"author":1,"featured_media":0,"parent":0,"menu_order":0,"comment_status":"closed","ping_status":"closed","template":"page-templates\/photograph-template.php","meta":{"footnotes":""},"class_list":["post-130","page","type-page","status-publish","hentry"],"_links":{"self":[{"href":"https:\/\/www.skocznamiasto.pl\/index.php\/wp-json\/wp\/v2\/pages\/130","targetHints":{"allow":["GET"]}}],"collection":[{"href":"https:\/\/www.skocznamiasto.pl\/index.php\/wp-json\/wp\/v2\/pages"}],"about":[{"href":"https:\/\/www.skocznamiasto.pl\/index.php\/wp-json\/wp\/v2\/types\/page"}],"author":[{"embeddable":true,"href":"https:\/\/www.skocznamiasto.pl\/index.php\/wp-json\/wp\/v2\/users\/1"}],"replies":[{"embeddable":true,"href":"https:\/\/www.skocznamiasto.pl\/index.php\/wp-json\/wp\/v2\/comments?post=130"}],"version-history":[{"count":14,"href":"https:\/\/www.skocznamiasto.pl\/index.php\/wp-json\/wp\/v2\/pages\/130\/revisions"}],"predecessor-version":[{"id":353,"href":"https:\/\/www.skocznamiasto.pl\/index.php\/wp-json\/wp\/v2\/pages\/130\/revisions\/353"}],"wp:attachment":[{"href":"https:\/\/www.skocznamiasto.pl\/index.php\/wp-json\/wp\/v2\/media?parent=130"}],"curies":[{"name":"wp","href":"https:\/\/api.w.org\/{rel}","templated":true}]}}